j a prime number?
False
Suppose k - 92 = 3*m, -4*k - 4*m + 3*m = -329. Is k a composite number?
False
Is (2 - (-130)/3*24) + -3 a prime number?
True
Let a(p) = 4*p**2 - 13*p - 13. Is a(-8) a composite number?
False
Suppose s - 47 = -3*j + 1, 5*j = 4*s - 107. Suppose -5*n - s - 17 = 0. Is 2 + 5/(n/(-48)) a composite number?
True
Let k(z) = 10*z**2 + 32*z - 3. Is k(-8) prime?
False
Let u(q) = -44*q**2 - 2*q + 3. Let n be u(-3). Let z be (n/(-6))/(2/4). Let y = -74 + z. Is y a composite number?
True
Suppose 5*w = -4*d + 528, 0*w - 546 = -5*w + 2*d. Is (-1)/(-2) - w/(-8) composite?
True
Let s = 287 - 30. Is s a prime number?
True
Suppose 2*v = -2*v - 60. Let x = 7 + v. Is 140/x*(-4)/2 a prime number?
False
Suppose 5*v - 3*z = z + 41, 2*v = -5*z - 10. Is 30 + (-2)/(3 - v) a prime number?
True
Let t be (-2)/1 - -5 - 1. Suppose -2*z - 5 = -v, -t*v + 2 + 7 = -3*z. Let l(g) = g**3 - g**2 - 3. Is l(v) composite?
True
Let q(u) = -u**3 - 9*u**2 + 9*u - 6. Let l be q(-10). Suppose 5*x = -15, -3*j = -l*j + 4*x + 125. Is j prime?
True
Let x = 27 - -21. Suppose -x = -j - 11. Is j a prime number?
True
Let r(k) = -183*k - 1. Let q be r(-1). Suppose -q = -5*t + 233. Is t composite?
False
Let r = -30 + 81. Is r a prime number?
False
Suppose -6*q - 9 = -3*n - q, -2*n = -3*q - 6. Let c = 2 - n. Is (-3 + 41)*c/(-2) composite?
False
Let j(f) = f**2 - f - 2. Let s be j(2). Suppose 4*r - 80 - 68 = s. Is r a prime number?
True
Let n(g) = g - 9. Let r be n(7). Let p = -2 - r. Suppose 5*h - 75 = -p*h. Is h a prime number?
False
Let v(s) = -46*s + 10. Let y(c) = c - 1. Let m(z) = -v(z) - 3*y(z). Is m(6) a prime number?
True
Suppose 4*o + 34 = -3*g, -13 = 2*g + 2*o + 9. Let u be (-92)/(-20) - 4/g. Suppose c + 0*c - 3*j - 28 = 0, 0 = -4*c + u*j + 98. Is c a prime number?
False
Suppose 0 = m + h + 1 - 64, 0 = -5*m + 4*h + 342. Let c = m + -40. Is c a composite number?
True
Let f be -3 + 12*(-6)/(-9). Suppose i = f*t - 600, -t + 4*i = -0*i - 139. Is t a composite number?
True
Let k(t) = -t**2 - 10*t - 7. Let u be k(-9). Suppose a - u*a + 415 = 0. Is a composite?
True
Let c = 21 - 16. Suppose -w = 5*i - 261, -4*w = c*i + w - 245. Is i a prime number?
True
Let m(y) = -14*y - 13. Is m(-11) a prime number?
False
Suppose 3*d + 1 = i, -4*d + 4*i = -0*d + 12. Suppose 5*x + d = -2*c, 9*c - 4*c - 13 = 3*x. Suppose c*l - 7 = l. Is l a prime number?
True
Suppose 8*b + 2*t - 741 = 3*b, -3*b + 3*t = -453. Is b a composite number?
False
Let h(z) = 96*z**2 + 7*z - 22. Is h(5) composite?
True
Suppose -t + 87 = 5*m, 6*m - 4*m - 312 = -4*t. Suppose 4*n - t = -5*s, 12 - 28 = -2*n + 2*s. Is n composite?
False
Suppose b = 5*b + 2*f - 1326, -3*b + 5*f = -988. Is b a prime number?
True
Let i(j) = j + 9. Let x be i(-8). Is x/((-4)/(-1388) + 0) prime?
True
Let t(o) = -4*o**3 - 7*o**2 + 5*o + 29. Is t(-9) a composite number?
False
Let r be ((-20)/6)/((-3)/(-9)). Let m = r + 16. Is -6*(-1 - (-3)/m) composite?
False
Suppose 3*w = -5*k + 28, k = 2*w + 5*k - 20. Suppose -w*t + 247 = -5*t. Is t prime?
False
Let q = 5 - 35. Let j be 4*q/(-4) + 0. Suppose 2*v = 5*o + 10, -2*o = -4*v + 3*o + j. Is v a prime number?
False
Let t = -2 - -10. Suppose -5*m = -3*x + 4 - 10, -4*x = 4*m + t. Is 2 + (-45 + x)*-1 a prime number?
False
Suppose 6*h = h + 4*w + 1481, 5*w + 20 = 0. Is h a composite number?
False
Let o(b) = 6*b. Let a be o(3). Suppose -156 = -2*k - a. Is k a composite number?
True
Let r(v) = -v**3 - 15*v**2 - 20*v - 19. Is r(-16) prime?
True
Suppose -2*k + t + 65 = k, -99 = -5*k - 3*t. Let d(b) = 3 + 4 - k*b - 2. Is d(-4) prime?
True
Suppose -3*w + 0*w + 1002 = -3*c, -c - 1327 = -4*w. Is w prime?
True
Suppose -10072 = -4*j - 0*j. Suppose -x + 3*x - j = 0. Is x a prime number?
True
Let m = 84 + 65. Is m a composite number?
False
Let a be (2/3)/(8/(-12)). Let f be 1 + 0 + (-5)/(-1). Is -3*((-14)/f + a) composite?
True
Suppose -4*x = 3*v - 66, 4*x + 0*x = 5*v + 50. Let s = 35 - x. Let z = 45 + s. Is z a composite number?
True
Suppose -v = 6 - 1. Let j = v - -14. Let y(g) = 3*g - 6. Is y(j) a prime number?
False
Suppose 962 = d - 3*d. Let k be d/(-4) + 1/(-4). Suppose 117 + k = 3*x. Is x prime?
True
Suppose -4*r + 5 + 19 = 0. Is r a prime number?
False
Suppose -3*g + 3 + 9 = 0. Let t = 0 + g. Let b = 37 - t. Is b a composite number?
True
Let j(f) = 3*f**2 - f + 1. Let m(o) = -o + 1. Let t(w) = j(w) + m(w). Let d(c) = -c**2 + 2*c - 4. Let x be d(3). Is t(x) composite?
False
Let h be 4 + (4/(-1) - -3). Suppose -2*b + 2*f = -h*b + 339, -f - 1739 = -5*b. Is b prime?
True
Let p(o) = -60*o - 37. Is p(-13) a composite number?
False
Let d(w) be the second derivative of w**8/6720 + w**7/315 - 11*w**6/720 - w**5/10 + w**4/6 + 2*w. Let v(k) be the third derivative of d(k). Is v(-9) composite?
True
Let n = 31 - -58. Is n prime?
True
Let z = -4 - -69. Is z a composite number?
True
Let y(m) = -25*m + 4. Let p be (-32)/6 - (-4)/12. Let x(z) = -z**2 - 4*z + 2. Let a be x(p). Is y(a) a composite number?
False
Let p = -61 + 114. Is p a prime number?
True
Suppose -4*k + 6 + 6 = 0. Suppose -2*u = -4, -5*p + k = 4*u - 25. Suppose 25 + 187 = p*j. Is j prime?
True
Let g(u) = u**3 + 13*u**2 + 4*u + 5. Is g(-9) composite?
False
Let u(f) = -6*f - 2. Let a be u(2). Let p = 61 + a. Is p a prime number?
True
Suppose 144 = 3*m - 216. Suppose -3*i + 267 = -m. Is i a composite number?
True
Let w be (1 - 2)/(2/(-202)). Suppose -139 = -d - 4*j, -2*d + w = -4*j - 129. Is d a composite number?
True
Let v be (-2 - 0 - -1) + -99. Let u = -5 + 9. Is (1 - 2)/(u/v) a prime number?
False
Suppose -102 = -w - w. Is w composite?
True
Let w be 803/4 - 6/8. Suppose -6*r + w = -2*r. Is (6/10)/(2/r) composite?
True
Let q = 14 - 8. Suppose n = q*n - 95. Is n a composite number?
False
Let n(y) = 8*y**2 - 4*y - 6. Let c be n(11). Suppose 3*r - c = -3*g - 12, 4*r + 634 = 2*g. Is g composite?
False
Let y(u) = 85*u**2 + u - 1. Let n = 4 - 3. Is y(n) composite?
True
Suppose 0 = 3*u + b - 673, u - 2*b = 4*u - 668. Is u a prime number?
False
Suppose 12 = 3*x, -5*x - 1 = -0*c + c. Let t = c - -54. Is t a composite number?
True
Suppose 4*d + 67 = 5*u - 138, -5*u + 175 = 2*d. Is u a composite number?
False
Let w = 204 + -118. Suppose 0 = -2*i - v - 3*v + w, -v + 170 = 5*i. Is i composite?
True
Suppose -3*s - 8 = s. Let k be (6/s)/3 + 7. Suppose -4*m + k = -2*m, n - 157 = 2*m. Is n prime?
True
Let p be 686/4 + 5/10. Let m = -59 + p. Is m composite?
False
Let n be 9*2 - (-1 - -2). Let d = -18 + 52. Let g = n + d. Is g a composite number?
True
Is (-2798)/(-22) + (-4)/22 a composite number?
False
Suppose -2*d + 8 = 0, -33 = -5*w - 3*d + d. Let k = 5 - w. Suppose -j + v + 89 = k, j + v = -0*j + 93. Is j composite?
True
Let w = -350 - -1396. Is w prime?
False
Is (27 - 21)*347/2 a prime number?
False
Let t = -112 - -335. Is t a prime number?
True
Let y = 5 + -2. Suppose -3*b + 211 = 2*m, -2*b - y*m = -0*m - 139. Is b composite?
False
Let k(f) = -40*f - 1. Is k(-2) a prime number?
True
Let k(j) = j**3 + 9*j**2 + 3*j - 11. Let f be k(-8). Let h(c) = -7*c**2 - c. Let r be h(-1). Let b = r + f. Is b composite?
False
Let t be 396/(-8)*(-2)/3. Is (-5)/(-1 - (-30)/t) a composite number?
True
Suppose j + 1 = 6, 0 = -w - 4*j + 129. Is w a composite number?
False
Let b(z) = -2*z**2 + 9*z + 4. Let d(l) = -l**2 + 1. Let t(f) = b(f) - 5*d(f). Let v(x) = -x**2 + 1. Let k be v(-3). Is t(k) a composite number?
True
Let y(w) = -w**3 - 6*w**2 - 8*w - 7. Let t be y(-5). Is ((-2)/4)/(t/(-3376)) prime?
True
Let x = 32 - 23. Suppose x + 24 = w. Is w a composite number?
True
Is (334 - -1) + (-4)/(-2) prime?
True
Let q(o) = o + 2. Let d be q(-2). Suppose -4*v = -d*v - 56. Is v - 3*(2 - 1) prime?
True
Suppose 1031 = 5*u + 3*n - 613, -5*u + 1623 = -4*n. Is u a prime number?
False
Let q = -6400 - -11291. Is q a prime number?
False
Let i be (4 + -71)/(4/(-8)). Suppose -w - 235 = -q, w - 571 = -3*q + i. Is q composite?
True
Let n be 222/(-4)*(-6)/3. Let u = -2 + n. Is u a composite number?
False
Suppose -4*k - 5*b + 299 = -127, 4*k - b = 438. Is k a composite number?
False
Let k(x) = 4*x**2 - 2*x - 4*x**2 - 4 + x**2 + 3. Let n(u) = u**3 + 5*u**2 - 4. Let z be n(-5). Is k(z) composite?
False
Let f(b) be the first derivative of b**4/4 + 11*b**3/3 - 5*b**2/2 + 4*b + 3. Is f(-9) a composite number?
False
S